 221?
110
In base 10, what is 16 + 64?
80
In base 8, what is -74 - -2?
-72
In base 4, what is 12 + -110?
-32
In base 12, what is 2 - -55a?
560
In base 9, what is -1 - 248?
-250
In base 16, what is -1 - -7e?
7d
In base 2, what is 1100000000101010 - 0?
1100000000101010
In base 3, what is -2 + 21?
12
In base 12, what is 130 + -3?
129
In base 16, what is 48 - -41?
89
In base 13, what is -878 + 0?
-878
In base 4, what is -20321 - -2?
-20313
In base 11, what is 3 - 222?
-21a
In base 13, what is -1 - -56?
55
In base 2, what is -10 + 101001101?
101001011
In base 8, what is -10 + 5?
-3
In base 16, what is -8c0 + 5?
-8bb
In base 2, what is 10 + 1111?
10001
In base 6, what is -551 + -5?
-1000
In base 10, what is 609 + 5?
614
In base 2, what is 11 + -1101110?
-1101011
In base 11, what is -3 + -24?
-27
In base 3, what is 10 - 210210?
-210200
In base 7, what is -53 - -651?
565
In base 10, what is 7844 - 2?
7842
In base 12, what is -4013 - -5?
-400a
In base 2, what is 10101011 + 11001?
11000100
In base 11, what is -2 - -6?
4
In base 15, what is -29 - 7?
-31
In base 16, what is a - 29?
-1f
In base 12, what is 470 + -3?
469
In base 4, what is 2102 + 0?
2102
In base 13, what is -1 - b?
-c
In base 15, what is 5c + -3?
59
In base 5, what is -1 + 421?
420
In base 15, what is -b - 10?
-1b
In base 11, what is -2 + 3796?
3794
In base 15, what is 2 + 63?
65
In base 11, what is -13 + -33?
-46
In base 3, what is 11202 + -11?
11121
In base 14, what is 24 + -8?
1a
In base 11, what is -1 - -542?
541
In base 13, what is 76 + 1?
77
In base 12, what is 1483 + 0?
1483
In base 5, what is -13 - -141?
123
In base 12, what is -2 - 919?
-91b
In base 8, what is 16414 - -3?
16417
In base 8, what is -31 + 64?
33
In base 6, what is 0 + 13?
13
In base 4, what is -33 - -2002?
1303
In base 16, what is -36 + 44?
e
In base 11, what is -4 + 94?
90
In base 11, what is -5 + -109?
-113
In base 8, what is 1603 - 16?
1565
In base 11, what is 974 - 2?
972
In base 4, what is 10 + -2100?
-2030
In base 16, what is 3 - 21?
-1e
In base 11, what is -1915 - -4?
-1911
In base 9, what is 4 + 1302?
1306
In base 11, what is 0 - -1703?
1703
In base 10, what is 106 - -19?
125
In base 12, what is 958 - -4?
960
In base 14, what is -172 - 3b?
-1ad
In base 3, what is 112 + -201?
-12
In base 7, what is 6 - -43?
52
In base 9, what is -1 + -74?
-75
In base 10, what is 3 + 240?
243
In base 15, what is 6 - -2d?
34
In base 10, what is 47 - 116?
-69
In base 15, what is -7 + -4d?
-55
In base 13, what is -378 + -4?
-37c
In base 9, what is -5770 - 3?
-5773
In base 4, what is -10 - -11322?
11312
In base 14, what is c0 + -8c?
32
In base 9, what is -55 + -161?
-226
In base 5, what is 23323 + -13?
23310
In base 16, what is -ab8 - -2?
-ab6
In base 13, what is -451 - 5?
-456
In base 14, what is -2 + -191?
-193
In base 5, what is 222 + 110?
332
In base 14, what is 663b - -2?
663d
In base 11, what is -13 - -12?
-1
In base 6, what is -30 - 10001?
-10031
In base 15, what is -d - -4?
-9
In base 16, what is -25 + -4?
-29
In base 15, what is 8c - 9?
83
In base 13, what is -888 + -1?
-889
In base 11, what is 4 - 276?
-272
In base 14, what is 0 - -457?
457
In base 14, what is -2 + -5a?
-5c
In base 12, what is -229 + -16?
-243
In base 8, what is 64 + -63?
1
In base 9, what is -461 + -4?
-465
In base 9, what is 3225 - 4?
3221
In base 14, what is -1a51 + -2?
-1a53
In base 12, what is -4 - 4a?
-52
In base 10, what is -2650 + 1?
-2649
In base 5, what is 10 + -1034?
-1024
In base 10, what is 2 - -98?
100
In base 2, what is -10 - -100101101?
100101011
In base 11, what is -11 - -408?
3a7
In base 2, what is 100000101010 - -10?
100000101100
In base 5, what is 0 - 231401?
-231401
In base 2, what is -101 - -1010100001001?
1010100000100
In base 12, what is 0 - 2b?
-2b
In base 16, what is ffe + 2?
1000
In base 11, what is 5 + -38?
-33
In base 5, what is -32 - 1404?
-1441
In base 9, what is 5 + -4847?
-4842
In base 16, what is 4eda + 4?
4ede
In base 5, what is 0 - 32?
-32
In base 6, what is 3 + -5?
-2
In base 15, what is 5 - 6?
-1
In base 6, what is -1101 - -2?
-1055
In base 16, what is -e + 0?
-e
In base 8, what is -3572 + 4?
-3566
In base 13, what is 5 + 61?
66
In base 12, what is -8 - 0?
-8
In base 14, what is 6 - 18?
-12
In base 6, what is 2 - 1020?
-1014
In base 7, what is -4342 - -1?
-4341
In base 15, what is -56e + 4?
-56a
In base 3, what is -1212 + -2110?
-11022
In base 5, what is 401 + 124?
1030
In base 14, what is -8 + -14?
-1c
In base 12, what is 3 + -7b2?
-7ab
In base 2, what is -100 - 1000101?
-1001001
In base 2, what is -10001 + 10001011?
1111010
In base 12, what is 1 + -489?
-488
In base 6, what is 50123 + -4?
50115
In base 14, what is 5b5 + 4?
5b9
In base 10, what is -18 - -51?
33
In base 8, what is -1260 - -3?
-1255
In base 14, what is -11 - 22?
-33
In base 10, what is -10985 + -5?
-10990
In base 16, what is 111 - 0?
111
In base 15, what is 4c8 - 9?
4be
In base 9, what is -11 + 0?
-11
In base 4, what is -202101 - -2?
-202033
In base 7, what is 2600 - -4?
2604
In base 12, what is -25 - 85?
-aa
In base 15, what is -9 + 45?
3b
In base 11, what is 0 - -141a?
141a
In base 9, what is 5 - -304?
310
In base 11, what is 1 + 391?
392
In base 10, what is 0 + -7?
-7
In base 15, what is -165 - 3?
-168
In base 16, what is 7c + 5?
81
In base 10, what is 1 - -17?
18
In base 2, what is -110111100110 + 111?
-110111011111
In base 2, what is 100 + -111000110011?
-111000101111
In base 15, what is -4 - 17?
-1b
In base 6, what is 5 - 1022?
-1013
In base 6, what is 13134 + -13?
13121
In base 3, what is -22 + -212?
-1011
In base 3, what is 1120 - 12?
1101
In base 5, what is 141 - 1?
140
In base 7, what is 1 + 341?
342
In base 16, what is -e - -68?
5a
In base 13, what is -4 - -76?
72
In base 11, what is 935 + -5?
930
In base 2, what is 1101000 + 110?
1101110
In base 3, what is -2 + -10110?
-10112
In base 7, what is -2 + -11?
-13
In base 15, what is -c + 0?
-c
In base 15, what is 214b - -4?
2150
In base 9, what is 101 - -3?
104
In base 12, what is -17a + 0?
-17a
In base 14, what is 8 + -c24?
-c1a
In base 5, what is -1210244 + -4?
-1210303
In base 11, what is -468 - -1?
-467
In base 11, what is 23 + 1?
24
In base 11, what is 89 + -19a?
-111
In base 10, what is -3 + -437?
-440
In base 4, what is -1121300 + -11?
-1121311
In base 5, what is -103300 - 3?
-103303
In base 8, what is -23 + 117?
74
In base 15, what is e4 - 1?
e3
In base 15, what is 10 - -8b?
9b
In base 10, what is -36 + -5?
-41
In base 3, what is -12 + -10122?
-10211
In base 8, what is 11 + -5?
4
In base 10, what is 0 + 148?
148
In base 13, what is -58 + 17?
-41
In base 3, what is -210 - -11?
-122
In base 15, what is 4 + -16?
-12
In base 9, what is -30 - -1?
-28
In base 3, what is -12 - 210?
-222
In base 13, what is 19 - 0?
19
In base 9, what is -3 - -23?
20
In base 13, what is 9a7a + 3?
9a80
In base 11, what is 17 + 2?
19
In base 9, what is 2 - -1311?
1313
In base 11, what is -7a2 - 5?
-7a7
In base 6, what is -5 - 513?
-522
In base 7, what is 10 - 5?
2
In base 15, what is -1 + 113?
112
In base 12, what is -27a - 3?
-281
In base 2, what is -10000010 + 10000?
-1110010
In base 13, what is -c0 - 3?
-c3
In base 5, what is -244 + -42?
-341
In base 11, what is -6 + -59?
-64
In base 15, what is 2 - 281?
-27e
In base 7, what is -21 - 511?
-532
In base 12, what is 2048 + 5?
2051
In base 11, what is -2a + -13?
-42
In base 16, what is 0 - 27e?
-27e
In base 3, what is -122 + -1111?
-2010
In base 13, what is 2 - c21?
-c1c
In base 4, what is -22 + 1022?
1000
In base 6, what is 3 + 1320?
1323
In base 10, what is -748 + 17?
-731
In base 8, what is 4572 - 4?
4566
In base 3, what is 102202 + 0?
102202
In base 6, what is 5212 + -4?
5204
In base 6, what is 11053 - 10?
11043
In base 4, what is -1 + 3030?
3023
In base 11, what is 4 + -5?
-1
In base 8, what is 22 - -505?
527
In base 13, what is -5 - -1a47?
1a42
In base 16, what is -1 + 1c5?
1c4
In base 5, what is -1 + 132?
131
In base 11, what is 85 + -5?
80
In base 16, what is 49 - -6?
4f
In base 3, what is -120120 + -12?
-120202
In base 9, what is 4 + -80?
-75
In base 13, what is -1 + c9?
c8
In base 13, what is -88 + -1?
-89
In base 10, what is -32 - 8?
-40
In base 16, what is 10 + -12?
-2
In base 10, what is 18 - 45?
-27
In base 8, what is 4 - -354?
360
In base 13, what